 multiple of 28?
True
Is 5 a factor of 965?
True
Is 18 a factor of 378?
True
Is 77 a factor of 2536?
False
Is 3821 a multiple of 94?
False
Is 6 a factor of 3412?
False
Is 12 a factor of 3192?
True
Is 34 a factor of 41876?
False
Is 22 a factor of 1535?
False
Is 167 a factor of 11491?
False
Is 93 a factor of 1023?
True
Is 17 a factor of 514?
False
Is 1452 a multiple of 17?
False
Is 46 a factor of 1571?
False
Is 31 a factor of 42?
False
Does 9 divide 459?
True
Is 75 a factor of 14775?
True
Is 10 a factor of 19740?
True
Does 13 divide 4739?
False
Is 1442 a multiple of 10?
False
Does 3 divide 131?
False
Is 36 a factor of 915?
False
Is 14 a factor of 1974?
True
Is 44156 a multiple of 14?
True
Is 53785 a multiple of 33?
False
Does 32 divide 75040?
True
Is 909 a multiple of 43?
False
Is 60 a multiple of 4?
True
Is 17199 a multiple of 101?
False
Is 260 a multiple of 20?
True
Is 603 a multiple of 67?
True
Does 24 divide 408?
True
Is 244 a multiple of 122?
True
Is 5726 a multiple of 16?
False
Is 45 a factor of 745?
False
Does 22 divide 20218?
True
Is 20 a factor of 19242?
False
Does 2 divide 571?
False
Does 8 divide 2914?
False
Is 60 a factor of 52940?
False
Does 2 divide 5813?
False
Is 3 a factor of 46?
False
Does 18 divide 2574?
True
Is 120 a multiple of 20?
True
Is 535 a multiple of 86?
False
Does 19 divide 285?
True
Does 13 divide 1964?
False
Does 131 divide 48496?
False
Is 41 a factor of 3240?
False
Is 38 a multiple of 9?
False
Does 15 divide 10500?
True
Is 6508 a multiple of 72?
False
Does 8 divide 28061?
False
Is 98 a factor of 95182?
False
Is 20 even?
True
Is 18 a factor of 293?
False
Is 6 a factor of 991?
False
Is 77 a factor of 1155?
True
Is 7 a factor of 2121?
True
Is 24 a factor of 3720?
True
Is 56 a factor of 448?
True
Is 2200 a multiple of 55?
True
Is 32 a factor of 1177?
False
Does 14 divide 406?
True
Does 133 divide 7628?
False
Does 5 divide 656?
False
Does 77 divide 2270?
False
Is 2624 a multiple of 16?
True
Is 16962 a multiple of 33?
True
Is 64 a factor of 840?
False
Is 6209 a multiple of 11?
False
Does 84 divide 825?
False
Does 29 divide 8004?
True
Is 6559 a multiple of 7?
True
Does 13 divide 11596?
True
Is 1320 a multiple of 2?
True
Is 11348 a multiple of 9?
False
Is 2 a factor of 279?
False
Is 2454 a multiple of 12?
False
Is 1260 a multiple of 10?
True
Is 34 a factor of 2161?
False
Does 38 divide 3268?
True
Is 36 a factor of 7668?
True
Is 6800 a multiple of 10?
True
Does 58 divide 2610?
True
Is 57 a factor of 10791?
False
Does 11 divide 6809?
True
Is 9 a factor of 153?
True
Does 52 divide 2444?
True
Is 6 a factor of 1146?
True
Is 27525 a multiple of 15?
True
Is 3 a factor of 2333?
False
Does 32 divide 320?
True
Is 2543 a multiple of 20?
False
Is 145 a factor of 103675?
True
Does 33 divide 36465?
True
Is 23435 a multiple of 77?
False
Does 25 divide 10693?
False
Is 1170 a multiple of 58?
False
Is 16 a factor of 112?
True
Is 15 a factor of 8115?
True
Is 10 a factor of 32990?
True
Does 3 divide 51?
True
Is 418 a multiple of 15?
False
Is 346 a multiple of 6?
False
Is 13 a factor of 7384?
True
Is 5323 a multiple of 21?
False
Does 26 divide 26?
True
Is 2964 a multiple of 76?
True
Is 650 a multiple of 65?
True
Is 16 a factor of 875?
False
Does 9 divide 2429?
False
Is 5200 a multiple of 10?
True
Is 8 a factor of 488?
True
Is 2929 a multiple of 101?
True
Does 3 divide 152?
False
Does 41 divide 29151?
True
Is 12 a factor of 1353?
False
Does 277 divide 1662?
True
Does 14 divide 6512?
False
Does 49 divide 196?
True
Is 260 a multiple of 65?
True
Is 15 a factor of 2431?
False
Is 551 a multiple of 4?
False
Does 6 divide 1662?
True
Is 1155 a multiple of 21?
True
Does 54 divide 1714?
False
Does 104 divide 3224?
True
Is 4784 a multiple of 104?
True
Does 20 divide 15720?
True
Is 28 a factor of 10404?
False
Is 4550 a multiple of 70?
True
Does 16 divide 768?
True
Does 4 divide 28847?
False
Does 14 divide 3626?
True
Does 23 divide 2361?
False
Is 350 a multiple of 50?
True
Is 5214 a multiple of 79?
True
Is 114 a multiple of 32?
False
Does 14 divide 8456?
True
Is 1680 a multiple of 40?
True
Is 51 a factor of 1683?
True
Is 1612 a multiple of 7?
False
Is 14239 a multiple of 29?
True
Does 8 divide 211?
False
Is 3 a factor of 10084?
False
Does 32 divide 3200?
True
Is 3836 a multiple of 32?
False
Is 71 a factor of 257?
False
Is 7201 a multiple of 5?
False
Is 31 a factor of 9702?
False
Is 38594 a multiple of 31?
False
Does 29 divide 9628?
True
Is 10486 a multiple of 107?
True
Does 48 divide 96191?
False
Is 2506 a multiple of 2?
True
Does 174 divide 7658?
False
Does 8 divide 896?
True
Does 50 divide 19900?
True
Is 33 a factor of 45738?
True
Is 8 a factor of 424?
True
Is 15533 a multiple of 49?
True
Is 59 a factor of 10312?
False
Is 5 a factor of 485?
True
Does 16 divide 397?
False
Does 84 divide 2940?
True
Does 12 divide 1908?
True
Does 329 divide 14147?
True
Does 15 divide 1905?
True
Is 108 a factor of 2469?
False
Is 10 a factor of 8290?
True
Does 4 divide 12536?
True
Is 30586 a multiple of 41?
True
Is 3234 a multiple of 42?
True
Is 58 a factor of 995?
False
Does 82 divide 4402?
False
Does 50 divide 71550?
True
Is 45970 a multiple of 10?
True
Is 515 a multiple of 2?
False
Is 14 a factor of 11099?
False
Is 3906 a multiple of 93?
True
Does 22 divide 8602?
True
Does 65 divide 15990?
True
Is 1426 a multiple of 54?
False
Is 940 a multiple of 10?
True
Does 259 divide 13543?
False
Is 44 a multiple of 22?
True
Does 15 divide 10101?
False
Is 13 a factor of 39?
True
Is 1050 a multiple of 75?
True
Is 4 a factor of 3269?
False
Does 281 divide 31453?
False
Is 15980 a multiple of 235?
True
Is 10 a factor of 10910?
True
Does 7 divide 3553?
False
Does 31 divide 932?
False
Is 266 a multiple of 7?
True
Does 9 divide 113?
False
Does 31 divide 372?
True
Is 21 a factor of 1831?
False
Does 6 divide 120?
True
Does 73 divide 3723?
True
Does 6 divide 372?
True
Does 9 divide 3380?
False
Does 10 divide 2330?
True
Is 4218 a multiple of 114?
True
Is 17784 a multiple of 78?
True
Is 80 a factor of 48813?
False
Does 42 divide 1260?
True
Does 85 divide 6723?
False
Is 29045 a multiple of 14?
False
Is 141 a factor of 14523?
True
Is 5871 a multiple of 23?
False
Does 46 divide 6809?
False
Is 10681 a multiple of 49?
False
Is 182 a factor of 74620?
True
Is 8913 a multiple of 40?
False
Is 44821 a multiple of 71?
False
Is 7 a factor of 421?
False
Is 27 a factor of 2911?
False
Does 3 divide 4410?
True
Is 1170 a multiple of 78?
True
Does 16 divide 3029?
False
Is 12376 a multiple of 221?
True
Is 20160 a multiple of 160?
True
Is 2410 a multiple of 7?
False
Does 11 divide 4719?
True
Is 27 a factor of 2529?
False
Does 14 divide 9481?
False
Does 299 divide 3503?
False
Is 13 a factor of 884?
True
Is 576 a multiple of 4?
True
Is 37 a factor of 136520?
False
Is 13920 a multiple of 24?
True
Does 4 divide 3322?
False
Is 10 a factor of 370?
True
Is 49152 a multiple of 12?
True
Is 2160 a multiple of 12?
True
Does 55 divide 4730?
True
Does 67 divide 13690?
False
Is 12 a factor of 612?
True
Is 5920 a multiple of 110?
False
Is 14 a factor of 868?
True
Does 17 divide 85?
True
Does 41 divide 6975?
False
Is 1998 a multiple of 18?
True
Is 18 a factor of 487?
False
Is 90 a factor of 11340?
True
Does 60 divide 4440?
True
Is 616 a multiple of 47?
False
Is 14277 a multiple of 3?
True
Is 6 a factor of 1416?
True
Is 3990 a multiple of 15?
True
Is 572 a multiple of 13?
True
Does 134 divide 35644?
True
Is 9128 a multiple of 163?
True
Is 4158 a multiple of 54?
True
Is 1123 a multiple of 3?
False
Does 13 divide 823?
False
Is 8 a factor of 720?
True
Is 44580 a multiple of 143?
False
Does 44 divide 57332?
True
Is 12 a factor of 38396?
False
Is 4 a factor of 11264?
True
Is 45 a factor of 13995?
True
Does 44 divide 305?
False
Is 3920 a multiple of 49?
True
Is 41361 a multiple of 49?
False
Does 53 divide 2667?
False
Is 3804 a multiple of 17?
False
Does 105 divide 2835?
True
Is 15 a factor of 580?
False
Is 4504 a multiple of 30?
False
Does 59 divide 708?
True
Does 45 divide 3150?
True
Is 160 a factor of 3200?
True
Is 98 a factor of 2842?
True
Is 483 a multiple of 69?
True
Is 1631 a multiple of 21?
False
Is 111 a factor of 4695?
False
Does 61 divide 1265?
False
Is 21 a factor of 1285?
False
Does 81 divide 11259?
True
Is 11564 a multiple